 is the units digit of q?
4
What is the tens digit of -24*(-156)/(-8)*3/(-18)?
7
Let d = -1 - -1. Suppose 4*c = -d*c. Suppose -2*s - 5*r + 11 = c, 5*s - 42 - 32 = 3*r. What is the tens digit of s?
1
Let d be -1 - (-2 + 3/(-3)). Suppose 3*a = -4*q + 33, -33 - 18 = -3*a + d*q. What is the tens digit of a?
1
Let x(o) = 0*o**2 - 6 + 7*o**2 - 4*o - 3*o**3 + 2*o**3. Let f be x(6). What is the tens digit of ((-20)/6)/(f/(-18))?
1
Let x = 10 - 5. Suppose -3*u + h + 97 + 40 = 0, 0 = x*u - 3*h - 231. What is the tens digit of u?
4
Let o = 0 - -2. Suppose -17 + o = -5*q. What is the units digit of q?
3
Suppose 0 = j + c, -3*j + 4*c - 32 = j. Let r = 3 + j. What is the units digit of (-6)/(r/1 - 0)?
6
What is the units digit of (-108)/(-10)*(-20)/(-8)?
7
Let o(w) = -w**3 + 6*w**2 - 3*w + 6. What is the tens digit of o(4)?
2
Let d(u) be the first derivative of u**6/360 + u**4/24 - 2*u**3/3 - 1. Let z(j) be the third derivative of d(j). What is the units digit of z(-3)?
0
Suppose 3*c + 5*y - 176 = -c, 23 = c - 4*y. What is the units digit of c?
9
Suppose -r = -6*d + 5*d - 32, -4*r - 3*d = -100. What is the tens digit of r?
2
Let k(v) = v**2 - 5. What is the tens digit of k(-5)?
2
Let d(a) = 2*a - 10. Let g be d(7). Suppose -f = -g*f + 45. What is the units digit of f?
5
Let l(z) = 3*z - 6. What is the tens digit of l(7)?
1
Suppose -10 = -b + 4*x - 22, 0 = 5*b - 4*x - 4. Let q be (b/(0 + 1))/(-1). What is the units digit of ((-14)/4 + 2)*q?
6
Let x(d) = -3*d**2 - 2*d. Let n be x(-2). Let m be n/(-10)*(-4 - -9). Let f = 10 - m. What is the units digit of f?
6
Suppose -5*b = -6 - 39. Suppose -2*s - z = -5*s + b, 2*z + 14 = 4*s. What is the units digit of s?
2
Suppose -29 = -5*r - 2*h, -2*h = 2*r + r - 19. Suppose m - j - 4 = 0, 2*m + m + r*j = -12. What is the tens digit of 40/2 + -4 + m?
1
Suppose 0*x - x = 26. Let d = -18 - x. What is the units digit of d?
8
Let c(j) = j**2 + j - 2. Let k be c(-3). Suppose -6*f + k*f + 18 = 0. What is the units digit of f?
9
Let b(j) = j**3 + 8*j**2 + 9*j + 10. Let i be b(-7). Let k = -3 - i. What is the units digit of k?
1
What is the tens digit of (-13)/((-4)/(-16)*-2)?
2
Let w(i) = -i**3 - 8*i**2 - 9*i + 1. What is the tens digit of w(-7)?
1
Suppose -2*m - 3 = -3*m + 3*v, -v - 5 = -m. What is the units digit of m?
6
Let t = 5 - 3. Suppose -r + 0*r = t*o - 2, -4*r + 8 = 5*o. Suppose o = -0*n - 4*n + 24. What is the units digit of n?
6
Let b = 37 - 0. Suppose -b = -5*g - 12. Suppose g*m - 4 = 1. What is the units digit of m?
1
Let h(o) = o**2 + 8*o + 9. Let v be h(-6). Let z be 0/(9/v)*1. Suppose -5*p + a = -13, 0*p - 4*p - 3*a - 1 = z. What is the units digit of p?
2
Let v be (8/6)/(2/33). Let o = v + -16. Suppose q - o*q = -35. What is the units digit of q?
7
Suppose -2*a + 17 + 13 = 0. Let t = a + -8. Let d = t - 3. What is the units digit of d?
4
Let b be 8*1/(-4)*-2. Suppose 76 = b*l - 2*l. What is the units digit of l?
8
Suppose 0 = 4*z - 5*z + 15. What is the tens digit of 306/z + (-12)/(-20)?
2
Let x be -6*(3 - 27/6). Suppose 0 = 7*h - 4*h - x. What is the units digit of 6/(4/18*h)?
9
Let s(l) = l**3 + 5*l**2 + 2*l. What is the units digit of s(-4)?
8
Suppose 0 = z + m - 117, 12 + 0 = -4*m. What is the units digit of z?
0
Let o(g) = 3*g + 4. Let f be o(-3). Let w(t) be the third derivative of -t**5/60 - 5*t**4/24 + 7*t**3/6 - 3*t**2. What is the units digit of w(f)?
7
Let h = 12 - 7. Suppose 3*x + 4*o - h*o - 23 = 0, 3*x = -4*o - 2. Suppose x*m - 20 = m. What is the units digit of m?
4
Suppose 0 = -0*b + 5*b + 20. Let h = 9 - b. What is the tens digit of h?
1
Let z(s) = s**3 + 8*s**2 - 10*s - 9. Let g be z(-9). Suppose g = 2*f + 3*f - 50. What is the tens digit of f?
1
Let b(p) = 15*p - 1. Let d be b(1). Suppose -3*q = -38 + d. What is the units digit of q?
8
Let b(v) = -v**3 + 3*v + 1. What is the units digit of b(-3)?
9
Suppose -2*o + 686 = j, -4*o + j + 1372 = -0*o. What is the hundreds digit of o?
3
Let s(c) = 14*c - 5. What is the tens digit of s(6)?
7
Suppose -5*f + 654 = -l, l - 5*l - 666 = -5*f. What is the units digit of f?
0
Suppose 0 = -2*a + 33 + 53. Let j = a + -31. What is the units digit of j?
2
Let c be (-10 + 1)*(-4)/12. Suppose -c = -4*j + 133. What is the units digit of j?
4
Let i = 182 - 42. What is the units digit of i?
0
Let v(g) = -19*g**3 + 4*g**2 + g - 4. What is the hundreds digit of v(-2)?
1
Let y(d) = -4*d**2 - 13*d - 5 + 0*d**2 + 3*d**2 + 18. What is the units digit of y(-12)?
5
Let k(o) = -12*o**2 + 0*o**3 - 6*o + 14*o + o**3 - 6*o + 16. What is the tens digit of k(12)?
4
Let x(j) = j**3 + 8*j**2 - 9*j + 12. What is the units digit of x(-9)?
2
Let u = -9 + 4. Let d(v) = v**3 + 6*v**2 - 6. What is the tens digit of d(u)?
1
Let u = 93 - 46. Let a = u - 11. Suppose 4*y - 2*q - a = -4*q, 4*q = -4*y + 44. What is the units digit of y?
7
Let w = 42 - 28. What is the tens digit of w?
1
Suppose -39 + 9 = 3*x. Let v = -7 - x. Suppose -2*w + w - t = -12, -v*t - 44 = -5*w. What is the tens digit of w?
1
Let r(p) be the second derivative of -p**4/12 - 2*p**3 + p**2 + p. Let n be r(-7). Suppose 4*j - 11 = n. What is the tens digit of j?
1
Suppose -4*j - 9 = -j, -4*f - 3*j - 37 = 0. Let l(m) be the second derivative of m**5/20 + 7*m**4/12 - m**3/3 - 3*m**2 + m. What is the units digit of l(f)?
8
Let h(p) = 7*p**2 + p - 1. Let l be h(1). Let w = -4 + l. Suppose 0*d = -w*d + 21. What is the units digit of d?
7
Let d = -225 - -370. What is the tens digit of d?
4
Let i be (14/(-35))/((-2)/(-30)). Let j(g) = -6*g - 3. What is the units digit of j(i)?
3
Let l(z) = 2*z**2 - 4*z - 10. What is the units digit of l(8)?
6
Let a(b) = b + 2. Let q(u) = u**3 - 2*u**3 - u**2 + u - 5*u**2 + 8. Let s be q(-6). What is the units digit of a(s)?
4
Let m = 13 + -31. Let l = m + 62. What is the units digit of l?
4
Suppose -2 = -2*n, -i - 2*n + 2 + 1 = 0. Let s = 1 - i. Suppose q + 0 - 5 = s. What is the units digit of q?
5
Let c = 93 + -14. What is the tens digit of c?
7
Let l be (1/3)/((-2)/(-12)). Suppose l*o - 3 = 7. Suppose 4*d = o - 1. What is the units digit of d?
1
What is the tens digit of (-10)/65 - (-446)/26?
1
Let x = -13 + 7. Let i = 1 - x. Suppose -3*m - 16 = -i*m. What is the units digit of m?
4
Let f(k) = -k**3 - 8*k**2 - 8*k + 3. What is the units digit of f(-7)?
0
Let d(o) = 2*o - 6*o + o + 2*o - 6. Let l be d(-5). Let n = l - -10. What is the units digit of n?
9
Suppose -2*m - 3 = -7. What is the units digit of m?
2
Suppose 2*f - 5 = 3*f, -3*j - 4*f + 367 = 0. What is the tens digit of j?
2
Let h = 7 + -4. Suppose -2*z = -4*z, k + z - h = 0. Suppose -5*d - 22 = -s, 0 = k*d + 9 + 3. What is the units digit of s?
2
Let t = 102 + -61. Suppose -23 = -3*f + 5*b + 26, 5*b - t = -2*f. What is the units digit of f?
8
Suppose -5*d + 195 = 2*b, d + 3*d - 158 = -2*b. What is the units digit of d?
7
Let m = 3 + 5. Let w(b) = -b**3 + 9*b**2 - 10*b + 12. Let l be w(m). Let t = 5 + l. What is the units digit of t?
1
What is the tens digit of -2 - (232/2)/(-4)?
2
Let m = -11 - -48. What is the units digit of m?
7
Let d be ((-6)/4)/((-6)/56). Suppose -d = -2*f + 4*z, -5*z - 2 = 2*f + 2. Suppose -b = f*b - 16. What is the units digit of b?
4
What is the tens digit of (-228)/5*480/(-144)?
5
Suppose 0*n - 4*n = 0. Suppose -4*d + 96 = -n*d. What is the tens digit of d?
2
Suppose -3*t + 4*f = -281, -5*t - 3*f = 2*f - 480. Suppose 3*a - t = -2*a. What is the tens digit of a?
1
Let x(s) = 26*s + 5. Let j be x(-3). Let r = j - -103. What is the tens digit of r?
3
What is the units digit of 1 - 4/2*-1?
3
What is the tens digit of 10 + (-4)/(12/(-3))?
1
Let a(h) = h**3 - 8*h**2 + h - 5. Let m(b) = b**2 - 5*b + 1. Let r be m(5). Let u be -2*(r - (4 + 1)). What is the units digit of a(u)?
3
Let c(k) = k**2 - 5*k + 9. Let l = -10 + 16. What is the units digit of c(l)?
5
Let w be -1 + -2 + (-9)/(-3). Suppose 0 = -2*k - s - 1, k + 7*s - 2*s = -5. Suppose p + k - 4 = w. What is the units digit of p?
4
Let h(q) = 24*q + 50. What is the hundreds digit of h(6)?
1
Let f(k) = -9*k + 1. Let o(r) = 10*r - 2. Let u(a) = -3*f(a) - 2*o(a). What is the units digit of u(3)?
2
Let z(v) = v**3 - 6*v**2 + v + 2. Let d = 2 + 4. Let m be z(d). Let k = m + -4. What is the units digit of k?
4
Suppose -2*z + 966 = 3*p - 3*z, -4*p + z + 1289 = 0. What 